{"id":136,"date":"2025-02-14T15:50:21","date_gmt":"2025-02-14T14:50:21","guid":{"rendered":"https:\/\/www.lapetitegalerie.org\/?page_id=136"},"modified":"2025-03-05T16:01:46","modified_gmt":"2025-03-05T15:01:46","slug":"about","status":"publish","type":"page","link":"https:\/\/www.lapetitegalerie.org\/index.php\/about\/","title":{"rendered":"about"},"content":{"rendered":"\t\t<div data-elementor-type=\"wp-page\" data-elementor-id=\"136\" class=\"elementor elementor-136\">\n\t\t\t\t<div class=\"elementor-element elementor-element-3f8939e e-flex e-con-boxed e-con e-parent\" data-id=\"3f8939e\" data-element_type=\"container\" data-settings=\"{&quot;background_background&quot;:&quot;classic&quot;}\">\n\t\t\t\t\t<div class=\"e-con-inner\">\n\t\t\t\t<div class=\"elementor-element elementor-element-ca0a27d elementor-widget elementor-widget-spacer\" data-id=\"ca0a27d\" data-element_type=\"widget\" data-widget_type=\"spacer.default\">\n\t\t\t\t<div class=\"elementor-widget-container\">\n\t\t\t\t\t\t\t<div class=\"elementor-spacer\">\n\t\t\t<div class=\"elementor-spacer-inner\"><\/div>\n\t\t<\/div>\n\t\t\t\t\t\t<\/div>\n\t\t\t\t<\/div>\n\t\t\t\t\t<\/div>\n\t\t\t\t<\/div>\n\t\t<div class=\"elementor-element elementor-element-c36921f e-flex e-con-boxed e-con e-parent\" data-id=\"c36921f\" data-element_type=\"container\">\n\t\t\t\t\t<div class=\"e-con-inner\">\n\t\t<div class=\"elementor-element elementor-element-244e062 e-con-full e-flex e-con e-child\" data-id=\"244e062\" data-element_type=\"container\">\n\t\t\t\t<div class=\"elementor-element elementor-element-0376239 elementor-widget elementor-widget-text-editor\" data-id=\"0376239\" data-element_type=\"widget\" data-widget_type=\"text-editor.default\">\n\t\t\t\t<div class=\"elementor-widget-container\">\n\t\t\t\t\t\t\t\t\t<p>La Petite Galerie est situ\u00e9e au 128 rue Jean Jaur\u00e8s, 08700 Nouzonville, dans les Ardennes Fran\u00e7aise.<\/p>\t\t\t\t\t\t\t\t<\/div>\n\t\t\t\t<\/div>\n\t\t\t\t<div class=\"elementor-element elementor-element-7157783 elementor-widget elementor-widget-text-editor\" data-id=\"7157783\" data-element_type=\"widget\" data-widget_type=\"text-editor.default\">\n\t\t\t\t<div class=\"elementor-widget-container\">\n\t\t\t\t\t\t\t\t\t<iframe loading=\"lazy\" style=\"border: 0;\" src=\"https:\/\/www.google.com\/maps\/embed?pb=!1m14!1m12!1m3!1d286.68859990291264!2d4.756107879951802!3d49.81658828340829!2m3!1f0!2f0!3f0!3m2!1i1024!2i768!4f13.1!5e0!3m2!1sfr!2sfr!4v1739785831815!5m2!1sfr!2sfr\" width=\"600\" height=\"450\" allowfullscreen=\"allowfullscreen\"><span style=\"display: inline-block; width: 0px; overflow: hidden; line-height: 0;\" data-mce-type=\"bookmark\" class=\"mce_SELRES_start\">\ufeff<\/span><span style=\"display: inline-block; width: 0px; overflow: hidden; line-height: 0;\" data-mce-type=\"bookmark\" class=\"mce_SELRES_start\">\ufeff<\/span><\/iframe>\n\t\t\t\t\t\t\t\t<\/div>\n\t\t\t\t<\/div>\n\t\t<div class=\"elementor-element elementor-element-1871dc9 e-con-full e-flex e-con e-child\" data-id=\"1871dc9\" data-element_type=\"container\" data-settings=\"{&quot;background_background&quot;:&quot;classic&quot;}\">\n\t\t<div class=\"elementor-element elementor-element-1195e01 e-con-full e-flex e-con e-child\" data-id=\"1195e01\" data-element_type=\"container\">\n\t\t\t\t<div class=\"elementor-element elementor-element-961f7e3 elementor-widget elementor-widget-text-editor\" data-id=\"961f7e3\" data-element_type=\"widget\" data-widget_type=\"text-editor.default\">\n\t\t\t\t<div class=\"elementor-widget-container\">\n\t\t\t\t\t\t\t\t\t<!-- Bouton Google Maps (Android & Web) -->\n<a style=\"display: inline-block; padding: 12px 20px; background: #4285F4; color: white; text-decoration: none; border-radius: 5px; margin: 10px;\" href=\"https:\/\/www.google.com\/maps\/dir\/?api=1&amp;destination=49.816603,4.756218\" target=\"_blank\" rel=\"noopener\">\ud83d\udee3\ufe0f Itin\u00e9raire Google Maps\n<\/a>\t\t\t\t\t\t\t\t<\/div>\n\t\t\t\t<\/div>\n\t\t\t\t<\/div>\n\t\t<div class=\"elementor-element elementor-element-548af7e e-con-full e-flex e-con e-child\" data-id=\"548af7e\" data-element_type=\"container\">\n\t\t\t\t<div class=\"elementor-element elementor-element-0939074 elementor-widget elementor-widget-text-editor\" data-id=\"0939074\" data-element_type=\"widget\" data-widget_type=\"text-editor.default\">\n\t\t\t\t<div class=\"elementor-widget-container\">\n\t\t\t\t\t\t\t\t\t<!-- Bouton Apple Plans (iPhone, iPad, Mac) -->\n<a style=\"display: inline-block; padding: 12px 20px; background: #000; color: white; font-size: 16px; text-decoration: none; border-radius: 5px; margin: 10px;\" href=\"http:\/\/maps.apple.com\/?daddr=49.816603,4.756218\" target=\"_blank\" rel=\"noopener\">\n\ud83c\udf4f Ouvrir dans Apple Plans\n<\/a>\t\t\t\t\t\t\t\t<\/div>\n\t\t\t\t<\/div>\n\t\t\t\t<\/div>\n\t\t<div class=\"elementor-element elementor-element-0e36170 e-con-full e-flex e-con e-child\" data-id=\"0e36170\" data-element_type=\"container\">\n\t\t\t\t<\/div>\n\t\t\t\t<\/div>\n\t\t\t\t<\/div>\n\t\t<div class=\"elementor-element elementor-element-f17fbde e-con-full e-flex e-con e-child\" data-id=\"f17fbde\" data-element_type=\"container\" data-settings=\"{&quot;background_background&quot;:&quot;classic&quot;}\">\n\t\t\t\t<div class=\"elementor-element elementor-element-b2738b9 elementor-widget elementor-widget-text-editor\" data-id=\"b2738b9\" data-element_type=\"widget\" data-widget_type=\"text-editor.default\">\n\t\t\t\t<div class=\"elementor-widget-container\">\n\t\t\t\t\t\t\t\t\t<p>\u25a0<br \/>\u25a0<br \/>\u25a0<\/p>\t\t\t\t\t\t\t\t<\/div>\n\t\t\t\t<\/div>\n\t\t\t\t<div class=\"elementor-element elementor-element-afa9c4a elementor-widget elementor-widget-spacer\" data-id=\"afa9c4a\" data-element_type=\"widget\" data-widget_type=\"spacer.default\">\n\t\t\t\t<div class=\"elementor-widget-container\">\n\t\t\t\t\t\t\t<div class=\"elementor-spacer\">\n\t\t\t<div class=\"elementor-spacer-inner\"><\/div>\n\t\t<\/div>\n\t\t\t\t\t\t<\/div>\n\t\t\t\t<\/div>\n\t\t\t\t<div class=\"elementor-element elementor-element-d496d5b elementor-widget elementor-widget-heading\" data-id=\"d496d5b\" data-element_type=\"widget\" data-widget_type=\"heading.default\">\n\t\t\t\t<div class=\"elementor-widget-container\">\n\t\t\t\t\t<h2 class=\"elementor-heading-title elementor-size-default\">LA PETITE<br>\nGALERIE<\/h2>\t\t\t\t<\/div>\n\t\t\t\t<\/div>\n\t\t\t\t<div class=\"elementor-element elementor-element-47fe566 elementor-widget elementor-widget-text-editor\" data-id=\"47fe566\" data-element_type=\"widget\" data-widget_type=\"text-editor.default\">\n\t\t\t\t<div class=\"elementor-widget-container\">\n\t\t\t\t\t\t\t\t\t<p>Association culturelle<\/p>\t\t\t\t\t\t\t\t<\/div>\n\t\t\t\t<\/div>\n\t\t\t\t<div class=\"elementor-element elementor-element-14fe5f3 elementor-widget elementor-widget-text-editor\" data-id=\"14fe5f3\" data-element_type=\"widget\" data-widget_type=\"text-editor.default\">\n\t\t\t\t<div class=\"elementor-widget-container\">\n\t\t\t\t\t\t\t\t\t<p>La Petite Galerie est un nouveau lieu de convivialit\u00e9 culturelle destin\u00e9 \u00e0 pr\u00e9senter la cr\u00e9ation artistique.<\/p><p>Situ\u00e9e \u00e0 Nouzonville, commune historique des ma\u00eetres de forges, cet ancien lavoir, lieu d&rsquo;\u00e9change, de partage et de rencontre par excellence, pr\u00e9sente la culture sous toutes ses formes.<\/p><p>Qu&rsquo;il s&rsquo;agisse de peinture, sculpture ou de litt\u00e9rature, cette galerie originale et innovante sur le territoire est ouverte \u00e0 tous. A travers sa programmation et sa m\u00e9diation, l&rsquo;id\u00e9e est d&rsquo;offrir une sensibilit\u00e9 artistique unique au coeur de la vall\u00e9e de la Meuse.<\/p>\t\t\t\t\t\t\t\t<\/div>\n\t\t\t\t<\/div>\n\t\t\t\t<\/div>\n\t\t\t\t\t<\/div>\n\t\t\t\t<\/div>\n\t\t<div class=\"elementor-element elementor-element-7f22b12 e-flex e-con-boxed e-con e-parent\" data-id=\"7f22b12\" data-element_type=\"container\" data-settings=\"{&quot;background_background&quot;:&quot;classic&quot;}\">\n\t\t\t\t\t<div class=\"e-con-inner\">\n\t\t\t\t<div class=\"elementor-element elementor-element-fc34e29 elementor-widget elementor-widget-spacer\" data-id=\"fc34e29\" data-element_type=\"widget\" data-widget_type=\"spacer.default\">\n\t\t\t\t<div class=\"elementor-widget-container\">\n\t\t\t\t\t\t\t<div class=\"elementor-spacer\">\n\t\t\t<div class=\"elementor-spacer-inner\"><\/div>\n\t\t<\/div>\n\t\t\t\t\t\t<\/div>\n\t\t\t\t<\/div>\n\t\t\t\t\t<\/div>\n\t\t\t\t<\/div>\n\t\t\t\t<\/div>\n\t\t","protected":false},"excerpt":{"rendered":"<p>La Petite Galerie est situ\u00e9e au 128 rue Jean Jaur\u00e8s, 08700 Nouzonville, dans les Ardennes Fran\u00e7aise. \ufeff\ufeff \ud83d\udee3\ufe0f Itin\u00e9raire Google Maps \ud83c\udf4f Ouvrir dans Apple Plans \u25a0\u25a0\u25a0 LA PETITE GALERIE Association culturelle La Petite Galerie est un nouveau lieu de convivialit\u00e9 culturelle destin\u00e9 \u00e0 pr\u00e9senter la cr\u00e9ation artistique. Situ\u00e9e \u00e0 Nouzonville, commune historique des ma\u00eetres [&hellip;]<\/p>\n","protected":false},"author":1,"featured_media":0,"parent":0,"menu_order":0,"comment_status":"closed","ping_status":"closed","template":"elementor_header_footer","meta":{"footnotes":""},"class_list":["post-136","page","type-page","status-publish","hentry","entry"],"_links":{"self":[{"href":"https:\/\/www.lapetitegalerie.org\/index.php\/wp-json\/wp\/v2\/pages\/136","targetHints":{"allow":["GET"]}}],"collection":[{"href":"https:\/\/www.lapetitegalerie.org\/index.php\/wp-json\/wp\/v2\/pages"}],"about":[{"href":"https:\/\/www.lapetitegalerie.org\/index.php\/wp-json\/wp\/v2\/types\/page"}],"author":[{"embeddable":true,"href":"https:\/\/www.lapetitegalerie.org\/index.php\/wp-json\/wp\/v2\/users\/1"}],"replies":[{"embeddable":true,"href":"https:\/\/www.lapetitegalerie.org\/index.php\/wp-json\/wp\/v2\/comments?post=136"}],"version-history":[{"count":67,"href":"https:\/\/www.lapetitegalerie.org\/index.php\/wp-json\/wp\/v2\/pages\/136\/revisions"}],"predecessor-version":[{"id":367,"href":"https:\/\/www.lapetitegalerie.org\/index.php\/wp-json\/wp\/v2\/pages\/136\/revisions\/367"}],"wp:attachment":[{"href":"https:\/\/www.lapetitegalerie.org\/index.php\/wp-json\/wp\/v2\/media?parent=136"}],"curies":[{"name":"wp","href":"https:\/\/api.w.org\/{rel}","templated":true}]}}

<div data-elementor-type="wp-page" data-elementor-id="136" class="elementor elementor-136">
				<div class="elementor-element elementor-element-3f8939e e-flex e-con-boxed e-con e-parent" data-id="3f8939e" data-element_type="container" data-settings="{&quot;background_background&quot;:&quot;classic&quot;}">
					<div class="e-con-inner">
				<div class="elementor-element elementor-element-ca0a27d elementor-widget elementor-widget-spacer" data-id="ca0a27d" data-element_type="widget" data-widget_type="spacer.default">
				<div class="elementor-widget-container">
							<div class="elementor-spacer">
			<div class="elementor-spacer-inner"></div>
		</div>
						</div>
				</div>
					</div>
				</div>
		<div class="elementor-element elementor-element-c36921f e-flex e-con-boxed e-con e-parent" data-id="c36921f" data-element_type="container">
					<div class="e-con-inner">
		<div class="elementor-element elementor-element-244e062 e-con-full e-flex e-con e-child" data-id="244e062" data-element_type="container">
				<div class="elementor-element elementor-element-0376239 elementor-widget elementor-widget-text-editor" data-id="0376239" data-element_type="widget" data-widget_type="text-editor.default">
				<div class="elementor-widget-container">
									<p>La Petite Galerie est située au 128 rue Jean Jaurès, 08700 Nouzonville, dans les Ardennes Française.</p>								</div>
				</div>
				<div class="elementor-element elementor-element-7157783 elementor-widget elementor-widget-text-editor" data-id="7157783" data-element_type="widget" data-widget_type="text-editor.default">
				<div class="elementor-widget-container">
									<iframe loading="lazy" style="border: 0;" src="https://www.google.com/maps/embed?pb=!1m14!1m12!1m3!1d286.68859990291264!2d4.756107879951802!3d49.81658828340829!2m3!1f0!2f0!3f0!3m2!1i1024!2i768!4f13.1!5e0!3m2!1sfr!2sfr!4v1739785831815!5m2!1sfr!2sfr" width="600" height="450" allowfullscreen="allowfullscreen"><span style="display: inline-block; width: 0px; overflow: hidden; line-height: 0;" data-mce-type="bookmark" class="mce_SELRES_start">﻿</span><span style="display: inline-block; width: 0px; overflow: hidden; line-height: 0;" data-mce-type="bookmark" class="mce_SELRES_start">﻿</span></iframe>
								</div>
				</div>
		<div class="elementor-element elementor-element-1871dc9 e-con-full e-flex e-con e-child" data-id="1871dc9" data-element_type="container" data-settings="{&quot;background_background&quot;:&quot;classic&quot;}">
		<div class="elementor-element elementor-element-1195e01 e-con-full e-flex e-con e-child" data-id="1195e01" data-element_type="container">
				<div class="elementor-element elementor-element-961f7e3 elementor-widget elementor-widget-text-editor" data-id="961f7e3" data-element_type="widget" data-widget_type="text-editor.default">
				<div class="elementor-widget-container">
									<!-- Bouton Google Maps (Android & Web) -->
<a style="display: inline-block; padding: 12px 20px; background: #4285F4; color: white; text-decoration: none; border-radius: 5px; margin: 10px;" href="https://www.google.com/maps/dir/?api=1&amp;destination=49.816603,4.756218" target="_blank" rel="noopener">🛣️ Itinéraire Google Maps
</a>								</div>
				</div>
				</div>
		<div class="elementor-element elementor-element-548af7e e-con-full e-flex e-con e-child" data-id="548af7e" data-element_type="container">
				<div class="elementor-element elementor-element-0939074 elementor-widget elementor-widget-text-editor" data-id="0939074" data-element_type="widget" data-widget_type="text-editor.default">
				<div class="elementor-widget-container">
									<!-- Bouton Apple Plans (iPhone, iPad, Mac) -->
<a style="display: inline-block; padding: 12px 20px; background: #000; color: white; font-size: 16px; text-decoration: none; border-radius: 5px; margin: 10px;" href="http://maps.apple.com/?daddr=49.816603,4.756218" target="_blank" rel="noopener">
🍏 Ouvrir dans Apple Plans
</a>								</div>
				</div>
				</div>
		<div class="elementor-element elementor-element-0e36170 e-con-full e-flex e-con e-child" data-id="0e36170" data-element_type="container">
				</div>
				</div>
				</div>
		<div class="elementor-element elementor-element-f17fbde e-con-full e-flex e-con e-child" data-id="f17fbde" data-element_type="container" data-settings="{&quot;background_background&quot;:&quot;classic&quot;}">
				<div class="elementor-element elementor-element-b2738b9 elementor-widget elementor-widget-text-editor" data-id="b2738b9" data-element_type="widget" data-widget_type="text-editor.default">
				<div class="elementor-widget-container">
									<p>■<br />■<br />■</p>								</div>
				</div>
				<div class="elementor-element elementor-element-afa9c4a elementor-widget elementor-widget-spacer" data-id="afa9c4a" data-element_type="widget" data-widget_type="spacer.default">
				<div class="elementor-widget-container">
							<div class="elementor-spacer">
			<div class="elementor-spacer-inner"></div>
		</div>
						</div>
				</div>
				<div class="elementor-element elementor-element-d496d5b elementor-widget elementor-widget-heading" data-id="d496d5b" data-element_type="widget" data-widget_type="heading.default">
				<div class="elementor-widget-container">
					<h2 class="elementor-heading-title elementor-size-default">LA PETITE<br>
GALERIE</h2>				</div>
				</div>
				<div class="elementor-element elementor-element-47fe566 elementor-widget elementor-widget-text-editor" data-id="47fe566" data-element_type="widget" data-widget_type="text-editor.default">
				<div class="elementor-widget-container">
									<p>Association culturelle</p>								</div>
				</div>
				<div class="elementor-element elementor-element-14fe5f3 elementor-widget elementor-widget-text-editor" data-id="14fe5f3" data-element_type="widget" data-widget_type="text-editor.default">
				<div class="elementor-widget-container">
									<p>La Petite Galerie est un nouveau lieu de convivialité culturelle destiné à présenter la création artistique.</p><p>Située à Nouzonville, commune historique des maîtres de forges, cet ancien lavoir, lieu d&rsquo;échange, de partage et de rencontre par excellence, présente la culture sous toutes ses formes.</p><p>Qu&rsquo;il s&rsquo;agisse de peinture, sculpture ou de littérature, cette galerie originale et innovante sur le territoire est ouverte à tous. A travers sa programmation et sa médiation, l&rsquo;idée est d&rsquo;offrir une sensibilité artistique unique au coeur de la vallée de la Meuse.</p>								</div>
				</div>
				</div>
					</div>
				</div>
		<div class="elementor-element elementor-element-7f22b12 e-flex e-con-boxed e-con e-parent" data-id="7f22b12" data-element_type="container" data-settings="{&quot;background_background&quot;:&quot;classic&quot;}">
					<div class="e-con-inner">
				<div class="elementor-element elementor-element-fc34e29 elementor-widget elementor-widget-spacer" data-id="fc34e29" data-element_type="widget" data-widget_type="spacer.default">
				<div class="elementor-widget-container">
							<div class="elementor-spacer">
			<div class="elementor-spacer-inner"></div>
		</div>
						</div>
				</div>
					</div>
				</div>
				</div>

<p>La Petite Galerie est située au 128 rue Jean Jaurès, 08700 Nouzonville, dans les Ardennes Française. ﻿﻿ 🛣️ Itinéraire Google Maps 🍏 Ouvrir dans Apple Plans ■■■ LA PETITE GALERIE Association culturelle La Petite Galerie est un nouveau lieu de convivialité culturelle destiné à présenter la création artistique. Située à Nouzonville, commune historique des maîtres [&hellip;]</p>
